) to base 13
-1852a40
10543051 (base 6) to base 3
121111101011
121211203102 (base 4) to base 12
22b572a
-1b58 (base 15) to base 5
-142213
12101102211102 (base 3) to base 14
547359
2a91cc9 (base 13) to base 3
221122101002021
Convert 164148 (base 11) to base 14.
689d0
Convert -80537 (base 13) to base 7.
-1643513
Convert -10211111011 (base 3) to base 8.
-223262
What is -a114 (base 16) in base 12?
-1ba44
Convert -dde9a (base 15) to base 11.
-441998
What is -121bd29 (base 14) in base 7?
-133514352
-111101011101001111 (base 2) to base 8
-753517
What is 818833 (base 9) in base 5?
111013323
What is 1330421 (base 6) in base 10?
74029
What is -111003221 (base 4) in base 15?
-1a84e
-342342144 (base 5) to base 3
-2212121202011
Convert 2348 (base 16) to base 13.
415a
Convert 11201001100 (base 3) to base 10.
92619
-34242 (base 9) to base 10
-22799
Convert 537370 (base 11) to base 13.
240c5c
131534300 (base 6) to base 9
4817000
Convert -444892 (base 11) to base 2.
-10101101001000101001
What is -2320014232 (base 5) in base 16?
-4fe36f
Convert 82240 (base 14) to base 8.
1143660
Convert -27da34 (base 16) to base 2.
-1001111101101000110100
What is -111010111101101011011 (base 2) in base 12?
-792163
Convert -453372 (base 12) to base 11.
-694a92
3320061 (base 8) to base 6
31050053
What is -202221212 (base 4) in base 16?
-22a66
7116463 (base 8) to base 16
1c9d33
Convert 8ed2d0 (base 15) to base 9.
13756556
What is -4651676 (base 9) in base 13?
-6a047c
Convert -10112616 (base 8) to base 10.
-2135438
Convert -12112011011 (base 3) to base 14.
-2b8a9
What is -1033512011 (base 6) in base 15?
-e934c7
-4123021 (base 6) to base 5
-22311103
-104574 (base 9) to base 2
-1111001111100101
Convert 10312400 (base 5) to base 3.
11111100212
What is 39747 (base 14) in base 11?
97247
Convert -fa60 (base 16) to base 9.
-106827
What is -1466714 (base 9) in base 3?
-1112020210111
Convert 2a6c9 (base 14) to base 7.
616642
-256b4 (base 12) to base 13
-1a359
Convert -134143032 (base 5) to base 3.
-1022020022211
What is -110101021002 (base 3) in base 9?
-411232
-110011100001000 (base 2) to base 13
-c00c
-167957 (base 14) to base 11
-49a079
Convert 24205334 (base 6) to base 13.
209542
133505 (base 8) to base 13
18480
133041 (base 7) to base 16
61ec
Convert 1932891 (base 10) to base 5.
443323031
1001110110101010 (base 2) to base 6
510510
Convert 363a8 (base 12) to base 7.
423140
What is -223143 (base 5) in base 8?
-17363
What is -200221112221 (base 3) in base 8?
-1330272
What is 302130231 (base 4) in base 11?
131282
2561620 (base 8) to base 9
1306806
-11120032132 (base 4) to base 16
-15839e
12122202 (base 4) to base 11
18816
2a062 (base 12) to base 3
2222200202
Convert 5e6a5 (base 15) to base 13.
a7537
-21211230001 (base 4) to base 15
-349bca
Convert 328834 (base 11) to base 9.
877820
What is 505725 (base 8) in base 14?
44b53
15831 (base 16) to base 15
1b193
1101101101011011110011 (base 2) to base 4
31231123303
What is -161012 (base 7) in base 3?
-1121022002
What is 1166315 (base 8) in base 10?
322765
What is 230130301 (base 4) in base 9?
306664
What is -3014918 (base 10) in base 12?
-10148b2
-101100100010010000000 (base 2) to base 10
-1459328
What is 28072 (base 9) in base 6?
224015
115087 (base 9) to base 4
100323112
166460154 (base 7) to base 8
53660453
-100002114 (base 5) to base 14
-a2661
-102322000 (base 4) to base 16
-12e80
Convert 29d625 (base 14) to base 2.
101100100000001100001
What is 10687 (base 10) in base 11?
8036
What is 2312320213 (base 4) in base 16?
b6e27
What is 11100110100010011110001 (base 2) in base 4?
130310103301
What is 21022101112 (base 3) in base 13?
50660
What is 1359664 (base 14) in base 8?
43553230
What is -21231332 (base 4) in base 10?
-39806
-143330114 (base 6) to base 13
-7cb3a3
-101100010011001000 (base 2) to base 10
-181448
Convert -111111101010010011 (base 2) to base 11.
-168a00
Convert 113210110 (base 5) to base 14.
d85d8
Convert -10145 (base 6) to base 13.
-809
What is 13614522 (base 8) in base 14?
5a4c4a
-1003044100 (base 5) to base 8
-7510121
What is 891411a (base 11) in base 9?
32380770
ac90 (base 15) to base 14
d493
Convert 5215150 (base 7) to base 8.
2306613
Convert 910179 (base 11) to base 6.
51215111
Convert -1110000111110010 (base 2) to base 10.
-57842
What is 1342667 (base 8) in base 13?
103258
Convert 12220220121110 (base 3) to base 8.
14003421
What is 12664 (base 10) in base 3?
122101001
What is -12035023 (base 6) in base 8?
-1342567
-1820831 (base 9) to base 7
-11435566
What is -11334256 (base 9) in base 8?
-25022201
Convert -bdbe7 (base 16) to base 9.
-1414085
113400612 (base 7) to base 2
11010101111001000110110
What is 8ca60 (base 16) in base 15?
b5a66
What is -162b52 (base 12) in base 15?
-77185
What is 1010012210220201 (base 3) in base 12?
5464731
358916 (base 10) to base 15
7152b
-120021200111100 (base 3) to base 11
-4648925
What is 133122302 (base 4) in base 2?
11111011010110010
What is -145024 (base 9) in base 6?
-1523504
Convert 121739 (base 16) to base 7.
13035353
What is -73879 (base 15) in base 3?
-200121121220
What is -20114242324 (base 5) in base 15?
-1b6720e
-2320230313 (base 4) to base 12
-305987
882838 (base 12) to base 16
20fa2c
What is -44cb1 (base 16) in base 6?
-10012305
What is 10001100100001001 (base 2) in base 4?
101210021
Convert 10020565 (base 9) to base 2.
10010010011000010001011
What is -20613 (base 13) in base 4?
-32030220
Convert 1010001100010101111011 (base 2) to base 9.
5022253
Convert 326c10 (base 13) to base 7.
13040244
What is 1b9bf (base 16) in base 10?
113087
7408 (base 15) to base 9
36578
What is -21a6af (base 16) in base 10?
-2205359
What is -664660 (base 7) in base 8?
-344334
-68f7e (base 16) to base 5
-102224300
-170237 (base 8) to base 13
-22065
23001300 (base 4) to base 13
17736
2638018 (base 11) to base 3
22120212122201
What is -119426 (base 10) in base 7?
-1005116
What is 1514534 (base 8) in base 4?
1221211130
Convert 600173 (base 9) to base 4.
1112202021
-6602245 (base 7) to base 11
-5017aa
200c87 (base 15) to base 4
11303132221
Convert -220221202 (base 4) to base 15.
-344ed
What is 7942 (base 15) in base 10?
25712
-31010022 (base 4) to base 7
-312006
99a4a (base 13) to base 10
278574
6440748 (base 9) to base 15
482ad2
535521 (base 6) to base 2
1010110000001001
-2230267 (base 9) to base 14
-2338d8
Convert 60665264 (base 7) to base 3.
100111222202212
-456237 (base 10) to base 14
-bc3a5
What is 401b2 (base 15) in base 5?
22443032
-100200320 (base 4) to base 11
-46901
Convert -1327606 (base 8) to base 2.
-1011010111110000110
Convert 20102111112 (base 3) to base 12.
61242
969057 (base 12) to base 7
26140246
What is -11b073 (base 13) in base 15?
-859e5
a0b8c (base 14) to base 3
201122002121
What is -7050 (base 12) in base 7?
-50304
Convert 83a180 (base 13) to base 12.
10454a6
-111001111001100011000 (base 2) to base 16
-1cf318
-135c3 (base 15) to base 10
-62058
21312122 (base 5) to base 12
89502
53565662 (base 7) to base 16
45c014
22132213 (base 5) to base 14
503a0
35139 (base 14) to base 12
6293b
Convert -100111010000101101010 (base 2) to base 10.
-1286506
2222250 (base 6) to base 10
111990
Convert -112021003211 (base 4) to base 7.
-100223021
What is -5220323 (base 6) in base 10?
-251547
-1b0679 (base 13) to base 10
-686578
28c88a (base 15) to base 14
392776
What is -32112441 (base 5) in base 10?
-269746
Convert -202210302310 (base 4) to base 13.
-1b545a4
-11111010000111111000001 (base 2) to base 6
-451400333
-11233423 (base 5) to base 8
-307733
What is -12220022221002 (base 3) in base 9?
-5808832
What is -1211333441 (base 5) in base 7?
-33065336
124113212 (base 5) to base 3
1011011122100
1521717 (base 8) to base 13
1230b2
What is 140ba (base 12) in base 6?
332354
What is -2087 (base 12) in base 3?
-11212211
Convert -285856 (base 12) to base 8.
-2443202
Convert 34332240 (base 5) to base 3.
120200002220
What is -40256c (base 15) in base 2?
-1011100111100001100101
Convert -7a6230 (base 11) to base 16.
-138fec
What is 435351 (base 10) in base 2?
1101010010010010111
What is -787448 (base 9) in base 5?
-110040202
What is 2740683 (base 10) in base 12?
b02063
What is -540331 (base 8) in base 10?
-180441
What is -1313354 (base 8) in base 3?
-200121111021
What is 100110101111010 (base 2) in base 12?
b58a
Wha